visor of 5644 and 136.
68
What is the highest common divisor of 11132 and 184?
92
What is the greatest common divisor of 85 and 20?
5
Calculate the greatest common factor of 238 and 42.
14
Calculate the greatest common divisor of 14 and 24962.
14
Calculate the greatest common divisor of 531 and 18.
9
What is the greatest common factor of 258 and 66?
6
What is the greatest common factor of 39 and 13?
13
What is the highest common divisor of 151 and 1359?
151
What is the highest common factor of 8173 and 33?
11
What is the greatest common divisor of 177 and 3?
3
Calculate the highest common divisor of 870 and 90.
30
What is the greatest common factor of 2242 and 266?
38
What is the greatest common divisor of 1196 and 92?
92
Calculate the highest common divisor of 82 and 6.
2
Calculate the highest common factor of 23123 and 57.
19
What is the highest common divisor of 29 and 1189?
29
Calculate the greatest common divisor of 20260 and 40.
20
What is the highest common factor of 45 and 1845?
45
What is the greatest common factor of 3679 and 52?
13
Calculate the highest common divisor of 369 and 779.
41
Calculate the highest common divisor of 99 and 144.
9
Calculate the greatest common divisor of 66 and 308.
22
Calculate the greatest common factor of 5 and 85.
5
Calculate the greatest common divisor of 190 and 370.
10
What is the greatest common divisor of 928 and 58?
58
What is the greatest common divisor of 273 and 156?
39
What is the highest common factor of 60 and 1092?
12
What is the greatest common divisor of 747 and 27?
9
Calculate the highest common factor of 64285 and 215.
215
What is the greatest common factor of 10 and 4210?
10
What is the greatest common factor of 189 and 56?
7
What is the highest common factor of 442 and 5678?
34
What is the greatest common factor of 1313 and 101?
101
What is the greatest common factor of 504 and 56?
56
Calculate the highest common divisor of 6606 and 18.
18
Calculate the highest common factor of 140 and 7490.
70
What is the highest common factor of 168 and 5670?
42
Calculate the highest common factor of 88 and 55.
11
What is the highest common divisor of 830 and 10?
10
What is the highest common divisor of 10265 and 5?
5
What is the greatest common factor of 14 and 826?
14
Calculate the greatest common factor of 1449 and 126.
63
What is the highest common factor of 32 and 1344?
32
Calculate the highest common divisor of 5 and 1775.
5
What is the highest common factor of 35 and 250?
5
Calculate the greatest common divisor of 32 and 416.
32
Calculate the greatest common factor of 155 and 372.
31
What is the highest common factor of 6 and 19518?
6
Calculate the highest common divisor of 1345 and 5.
5
Calculate the greatest common divisor of 495 and 110.
55
What is the greatest common factor of 3302 and 416?
26
What is the highest common divisor of 2535 and 1560?
195
What is the greatest common divisor of 42 and 168?
42
What is the greatest common factor of 606 and 25957?
101
What is the greatest common divisor of 72 and 1638?
18
Calculate the highest common factor of 17003 and 49.
49
What is the greatest common factor of 125 and 145?
5
Calculate the greatest common divisor of 96 and 3252.
12
What is the greatest common factor of 49 and 189?
7
Calculate the greatest common factor of 60 and 105.
15
Calculate the greatest common factor of 4181 and 113.
113
What is the highest common factor of 88 and 748?
44
What is the greatest common divisor of 2796 and 48?
12
Calculate the highest common factor of 442 and 156.
26
What is the highest common divisor of 640 and 10720?
160
What is the highest common factor of 399 and 42?
21
What is the highest common factor of 332 and 83?
83
Calculate the highest common factor of 52 and 52.
52
What is the greatest common divisor of 24 and 12?
12
Calculate the greatest common factor of 265 and 35.
5
Calculate the greatest common factor of 87 and 29.
29
What is the highest common factor of 592 and 370?
74
Calculate the highest common divisor of 102408 and 102.
102
What is the highest common factor of 2816 and 66?
22
What is the greatest common factor of 30 and 2170?
10
Calculate the greatest common factor of 375 and 1005.
15
Calculate the highest common factor of 34 and 2176.
34
Calculate the highest common divisor of 33 and 143.
11
What is the greatest common divisor of 105 and 9855?
15
Calculate the greatest common factor of 3470 and 50.
10
What is the highest common factor of 8460 and 540?
180
What is the greatest common divisor of 168 and 1296?
24
What is the greatest common factor of 4089 and 6?
3
Calculate the highest common divisor of 12 and 261.
3
What is the greatest common divisor of 148 and 4?
4
Calculate the greatest common factor of 2369 and 206.
103
What is the greatest common factor of 108 and 72?
36
Calculate the greatest common divisor of 32 and 328.
8
Calculate the greatest common factor of 556 and 7645.
139
What is the highest common factor of 3080 and 44?
44
Calculate the greatest common divisor of 66 and 1353.
33
What is the highest common factor of 152 and 190?
38
Calculate the highest common divisor of 25 and 925.
25
What is the highest common divisor of 136 and 16?
8
What is the greatest common divisor of 530 and 50?
10
Calculate the highest common divisor of 42 and 154.
14
Calculate the highest common factor of 469 and 1139.
67
Calculate the highest common factor of 25567 and 37.
37
What is the highest common divisor of 6601 and 23?
23
Calculate the highest common factor of 9963 and 2673.
243
Calculate the greatest common divisor of 256 and 64.
64
What is the highest common factor of 67 and 469?
67
What is the highest common factor of 24 and 540?
12
Calculate the highest common factor of 78 and 429.
39
Calculate the highest common factor of 95 and 19.
19
What is the greatest common divisor of 963 and 9?
9
Calculate the greatest common divisor of 8 and 36.
4
What is the greatest common factor of 37 and 9287?
37
Calculate the highest common factor of 630 and 270.
90
Calculate the highest common factor of 981 and 9.
9
What is the highest common divisor of 4 and 18?
2
Calculate the highest common factor of 2002 and 88.
22
Calculate the highest common divisor of 5643 and 285.
57
Calculate the highest common divisor of 1080 and 75.
15
What is the greatest common divisor of 290 and 348?
58
What is the highest common factor of 15 and 86685?
15
Calculate the greatest common divisor of 8613 and 891.
297
Calculate the highest common divisor of 87 and 12.
3
What is the greatest common divisor of 341 and 465?
31
Calculate the greatest common divisor of 207 and 639.
9
Calculate the greatest common factor of 3444 and 41.
41
Calculate the greatest common factor of 99 and 693.
99
Calculate the highest common factor of 24 and 54.
6
Calculate the highest common divisor of 567 and 105.
21
What is the greatest common divisor of 3068 and 208?
52
What is the highest common factor of 96 and 5536?
32
Calculate the highest common factor of 4860 and 360.
180
Calculate the highest common divisor of 368 and 27416.
184
What is the highest common divisor of 100 and 900?
100
Calculate the highest common divisor of 2 and 103.
1
What is the greatest common divisor of 668 and 2?
2
What is the highest common divisor of 540 and 20?
20
Calculate the greatest common factor of 24 and 3576.
24
Calculate the greatest common factor of 19 and 2413.
19
Calculate the highest common factor of 2771 and 17.
17
Calculate the greatest common factor of 44 and 242.
22
Calculate the greatest common factor of 145 and 14094.
29
Calculate the greatest common divisor of 1269 and 705.
141
What is the highest common divisor of 4018 and 123?
41
Calculate the greatest common factor of 100 and 28.
4
What is the highest common divisor of 370 and 222?
74
Calculate the highest common divisor of 2884 and 476.
28
Calculate the greatest common divisor of 35 and 7.
7
Calculate the greatest common factor of 95 and 57.
19
Calculate the greatest common divisor of 45 and 15.
15
What is the greatest common divisor of 2646 and 196?
98
What is the greatest common divisor of 1177 and 107?
107
Calculate the greatest common factor of 39 and 1209.
39
What is the greatest common factor of 73 and 73?
73
Calculate the highest commo